he prime factors of 25946359?
691, 37549
List the prime factors of 1804766.
2, 103, 8761
List the prime factors of 2045564.
2, 511391
What are the prime factors of 18802061?
59, 318679
What are the prime factors of 10332293?
757, 13649
List the prime factors of 447153.
3, 7, 107, 199
List the prime factors of 808761.
3, 71, 3797
List the prime factors of 6515153.
6515153
List the prime factors of 2492463.
3, 29, 28649
List the prime factors of 3858388.
2, 17, 23, 2467
What are the prime factors of 30719497?
29, 1059293
What are the prime factors of 1815269?
1815269
List the prime factors of 387590.
2, 5, 7, 113
List the prime factors of 77120.
2, 5, 241
List the prime factors of 759096.
2, 3, 13, 811
List the prime factors of 33864.
2, 3, 17, 83
What are the prime factors of 4719465?
3, 5, 43, 271
What are the prime factors of 292998?
2, 3, 47, 1039
What are the prime factors of 175655?
5, 19, 43
List the prime factors of 2290929.
3, 37, 20639
List the prime factors of 7351887.
3, 2450629
What are the prime factors of 293592?
2, 3, 13, 941
What are the prime factors of 236752?
2, 14797
List the prime factors of 213468.
2, 3, 17789
List the prime factors of 36261.
3, 17, 79
What are the prime factors of 27749030?
2, 5, 31, 89513
List the prime factors of 1777612.
2, 444403
List the prime factors of 1412640.
2, 3, 5, 109
List the prime factors of 207985.
5, 41597
List the prime factors of 2444439.
3, 29, 28097
What are the prime factors of 173724?
2, 3, 31, 467
What are the prime factors of 4555839?
3, 19, 257, 311
List the prime factors of 184839.
3, 61613
List the prime factors of 859768.
2, 7, 13, 1181
What are the prime factors of 677278?
2, 7, 6911
List the prime factors of 398152.
2, 157, 317
List the prime factors of 104859.
3, 61, 191
List the prime factors of 69231.
3, 47, 491
What are the prime factors of 319421?
37, 89, 97
What are the prime factors of 2064598?
2, 1032299
List the prime factors of 726291.
3, 17, 47, 101
What are the prime factors of 3051507?
3, 41, 24809
List the prime factors of 191917.
11, 73, 239
What are the prime factors of 127178?
2, 63589
What are the prime factors of 107520?
2, 3, 5, 7
What are the prime factors of 1896614?
2, 59, 16073
List the prime factors of 349738.
2, 23, 7603
What are the prime factors of 8700775?
5, 348031
What are the prime factors of 324847?
324847
List the prime factors of 30766.
2, 15383
What are the prime factors of 231430?
2, 5, 23143
List the prime factors of 7844910.
2, 3, 5, 19, 13763
List the prime factors of 5877652.
2, 11, 133583
What are the prime factors of 2374598?
2, 173, 6863
List the prime factors of 1062230.
2, 5, 13, 8171
List the prime factors of 158278.
2, 79139
List the prime factors of 1886389.
1886389
List the prime factors of 607231.
29, 20939
What are the prime factors of 21815133?
3, 67, 108533
What are the prime factors of 6710990?
2, 5, 11, 13, 19
List the prime factors of 45102.
2, 3, 7517
What are the prime factors of 5466823?
97, 56359
What are the prime factors of 2263438?
2, 37, 73, 419
List the prime factors of 740210.
2, 5, 74021
What are the prime factors of 6482145?
3, 5, 432143
What are the prime factors of 2817116?
2, 704279
List the prime factors of 50302.
2, 7, 3593
What are the prime factors of 75390?
2, 3, 5, 7, 359
What are the prime factors of 1578938?
2, 19, 37, 1123
What are the prime factors of 3998431?
47, 241, 353
What are the prime factors of 9229842?
2, 3, 59, 2897
What are the prime factors of 264563?
13, 47, 433
List the prime factors of 804522.
2, 3, 134087
List the prime factors of 223072.
2, 6971
List the prime factors of 2261955.
3, 5, 150797
List the prime factors of 557534.
2, 278767
List the prime factors of 121860.
2, 3, 5, 677
What are the prime factors of 23266697?
19, 347, 3529
What are the prime factors of 7272391?
7, 1038913
List the prime factors of 1205428.
2, 7, 43051
List the prime factors of 340224.
2, 3, 443
List the prime factors of 4368435.
3, 5, 181, 1609
What are the prime factors of 1701188?
2, 425297
List the prime factors of 32547142.
2, 16273571
List the prime factors of 1348273.
839, 1607
What are the prime factors of 33200?
2, 5, 83
List the prime factors of 36281508.
2, 3, 43, 70313
What are the prime factors of 55656?
2, 3, 773
List the prime factors of 3316942.
2, 1658471
What are the prime factors of 603701?
7, 86243
What are the prime factors of 197124?
2, 3, 16427
What are the prime factors of 2309881?
7, 79, 4177
List the prime factors of 543367.
11, 47, 1051
List the prime factors of 4677144.
2, 3, 53, 3677
What are the prime factors of 3419696?
2, 7, 19, 1607
List the prime factors of 642171.
3, 83, 2579
List the prime factors of 455673.
3, 193, 787
What are the prime factors of 455606?
2, 107, 2129
What are the prime factors of 215546?
2, 107773
What are the prime factors of 170765?
5, 7, 17, 41
List the prime factors of 213506.
2, 106753
What are the prime factors of 1199548?
2, 7, 42841
What are the prime factors of 1446390?
2, 3, 5, 11, 487
What are the prime factors of 2359320?
2, 3, 5, 19661
List the prime factors of 849566.
2, 19, 79, 283
List the prime factors of 168494.
2, 84247
What are the prime factors of 53321?
71, 751
What are the prime factors of 1495263?
3, 7, 11, 6473
List the prime factors of 318618.
2, 3, 31, 571
List the prime factors of 4705962.
2, 3, 784327
List the prime factors of 10457143.
263, 39761
List the prime factors of 286336.
2, 2237
What are the prime factors of 1039630?
2, 5, 103963
List the prime factors of 1836161.
31, 61, 971
List the prime factors of 45077.
45077
List the prime factors of 75066.
2, 3, 12511
What are the prime factors of 1421512?
2, 137, 1297
List the prime factors of 26784.
2, 3, 31
What are the prime factors of 2414537?
1009, 2393
List the prime factors of 1311954.
2, 3, 7, 31237
List the prime factors of 179862.
2, 3, 31, 967
List the prime factors of 3364245.
3, 5, 74761
What are the prime factors of 16658647?
23, 149, 4861
What are the prime factors of 1252036?
2, 313009
List the prime factors of 25073088.
2, 3, 130589
List the prime factors of 4838599.
4838599
What are the prime factors of 456650?
2, 5, 9133
List the prime factors of 1252186.
2, 13, 17, 2833
What are the prime factors of 6079312?
2, 53, 67, 107
What are the prime factors of 146982?
2, 3, 11, 17, 131
List the prime factors of 21305838.
2, 3, 877, 4049
What are the prime factors of 200123?
7, 11, 23, 113
List the prime factors of 1858959.
3, 206551
What are the prime factors of 4177937?
17, 53, 4637
What are the prime factors of 19471771?
11, 47, 37663
What are the prime factors of 9142009?
61, 73, 2053
List the prime factors of 746869.
746869
List the prime factors of 4735522.
2, 11, 19, 11329
List the prime factors of 42483.
3, 7, 17
List the prime factors of 20966939.
7, 71, 42187
What are the prime factors of 646776?
2, 3, 13, 691
What are the prime factors of 2281743?
3, 84509
List the prime factors of 2220129.
3, 27409
List the prime factors of 1298977.
53, 24509
List the prime factors of 289991.
13, 22307
List the prime factors of 91223.
11, 8293
What are the prime factors of 141111?
3, 15679
What are the prime factors of 5877398?
2, 167, 17597
List the prime factors of 18763.
29, 647
List the prime factors of 303233.
7, 43319
What are the prime factors of 306239?
306239
List the prime factors of 87626.
2, 7, 11, 569
What are the prime factors of 2732710?
2, 5, 273271
List the prime factors of 1237598.
2, 618799
What are the prime factors of 4645534?
2, 2322767
What are the prime factors of 1218776?
2, 13, 11719
List the prime factors of 111214.
2, 17, 3271
List the prime factors of 11286932.
2, 2821733
What are the prime factors of 954123?
3, 19, 881
What are the prime factors of 58114?
2, 7, 593
List the prime factors of 27864858.
2, 3, 7, 349, 1901
What are the prime factors of 643507?
643507
List the prime factors of 520032.
2, 3, 5417
List the prime factors of 374659.
43, 8713
List the prime factors of 507763.
397, 1279
What are the prime factors of 180056?
2, 71, 317
List the prime factors of 84720.
2, 3, 5, 353
What are the prime factors of 3761753?
19, 37, 5351
What are the prime factors of 133365?
3, 5, 17, 523
What are the prime factors of 20367564